{"id":118,"date":"2024-08-16T12:43:12","date_gmt":"2024-08-16T15:43:12","guid":{"rendered":"https:\/\/wordpress.encon.com.ar\/?page_id=118"},"modified":"2024-09-23T16:15:36","modified_gmt":"2024-09-23T19:15:36","slug":"destinos","status":"publish","type":"page","link":"https:\/\/www.encon.com.ar\/?page_id=118","title":{"rendered":"Destinos"},"content":{"rendered":"\n<div style=\"height:31px\" aria-hidden=\"true\" class=\"wp-block-spacer\"><\/div>\n\n\n\n<div class=\"wp-block-columns is-layout-flex wp-container-core-columns-is-layout-9d6595d7 wp-block-columns-is-layout-flex\">\n<div class=\"wp-block-column is-layout-flow wp-block-column-is-layout-flow\">\n<h4 class=\"wp-block-heading has-text-align-center\">C\u00f3rdoba &#8211; Buenos Aires<\/h4>\n\n\n\n<div style=\"height:10px\" aria-hidden=\"true\" class=\"wp-block-spacer\"><\/div>\n\n\n\n<figure class=\"wp-block-image size-full\"><img loading=\"lazy\" decoding=\"async\" width=\"740\" height=\"396\" src=\"https:\/\/wordpress.encon.com.ar\/wp-content\/uploads\/2024\/08\/Cba-BsAs.jpg\" alt=\"\" class=\"wp-image-125\" srcset=\"https:\/\/www.encon.com.ar\/wp-content\/uploads\/2024\/08\/Cba-BsAs.jpg 740w, https:\/\/www.encon.com.ar\/wp-content\/uploads\/2024\/08\/Cba-BsAs-300x161.jpg 300w\" sizes=\"auto, (max-width: 740px) 100vw, 740px\" \/><figcaption class=\"wp-element-caption\">C\u00f3rdoba \u2013 Villa Mar\u00eda \u2013 Rosario \u2013 El Talar \u2013 Retiro<\/figcaption><\/figure>\n<\/div>\n\n\n\n<div class=\"wp-block-column is-layout-flow wp-block-column-is-layout-flow\">\n<h4 class=\"wp-block-heading has-text-align-center\">C\u00f3rdoba &#8211; Corrientes<\/h4>\n\n\n\n<div style=\"height:10px\" aria-hidden=\"true\" class=\"wp-block-spacer\"><\/div>\n\n\n\n<figure class=\"wp-block-image size-full\"><img loading=\"lazy\" decoding=\"async\" width=\"740\" height=\"396\" src=\"https:\/\/wordpress.encon.com.ar\/wp-content\/uploads\/2024\/08\/Cba-Corrientes.jpg\" alt=\"\" class=\"wp-image-128\" srcset=\"https:\/\/www.encon.com.ar\/wp-content\/uploads\/2024\/08\/Cba-Corrientes.jpg 740w, https:\/\/www.encon.com.ar\/wp-content\/uploads\/2024\/08\/Cba-Corrientes-300x161.jpg 300w\" sizes=\"auto, (max-width: 740px) 100vw, 740px\" \/><figcaption class=\"wp-element-caption\">C\u00f3rdoba \u2013 Balnearia \u2013 Brinkmann \u2013 Morteros \u2013 Suardi \u2013 San Guillermo \u2013 Arrufo \u2013 Hersilia \u2013 Ceres \u2013 Tostado \u2013 Vera \u2013 Malabrigo \u2013 Reconquista \u2013 Avellaneda \u2013 Villa Ocampo \u2013 Las Toscas \u2013 Florencia \u2013 Basail \u2013 Resistencia \u2013 Corrientes<\/figcaption><\/figure>\n<\/div>\n<\/div>\n\n\n\n<div class=\"wp-block-columns is-layout-flex wp-container-core-columns-is-layout-9d6595d7 wp-block-columns-is-layout-flex\">\n<div class=\"wp-block-column is-layout-flow wp-block-column-is-layout-flow\">\n<h4 class=\"wp-block-heading has-text-align-center\">C\u00f3rdoba &#8211; Montevideo<\/h4>\n\n\n\n<div style=\"height:10px\" aria-hidden=\"true\" class=\"wp-block-spacer\"><\/div>\n\n\n\n<figure class=\"wp-block-image size-full wp-duotone-unset-1\"><img loading=\"lazy\" decoding=\"async\" width=\"740\" height=\"396\" src=\"https:\/\/wordpress.encon.com.ar\/wp-content\/uploads\/2024\/08\/Cba-Montevideo.jpg\" alt=\"\" class=\"wp-image-129\" srcset=\"https:\/\/www.encon.com.ar\/wp-content\/uploads\/2024\/08\/Cba-Montevideo.jpg 740w, https:\/\/www.encon.com.ar\/wp-content\/uploads\/2024\/08\/Cba-Montevideo-300x161.jpg 300w\" sizes=\"auto, (max-width: 740px) 100vw, 740px\" \/><figcaption class=\"wp-element-caption\">C\u00f3rdoba \u2013 San Francisco \u2013 Santa Fe \u2013 Paran\u00e1 \u2013 Villaguay \u2013 Col\u00f3n \u2013 Paysand\u00fa (Uruguay) \u2013 Trinidad \u2013 Montevideo \u2013 Punta del Este (este destino se presta solamente en temporada de verano).<\/figcaption><\/figure>\n<\/div>\n\n\n\n<div class=\"wp-block-column is-layout-flow wp-block-column-is-layout-flow\">\n<h4 class=\"wp-block-heading has-text-align-center\">C\u00f3rdoba &#8211; Corrientes<\/h4>\n\n\n\n<div style=\"height:10px\" aria-hidden=\"true\" class=\"wp-block-spacer\"><\/div>\n\n\n\n<figure class=\"wp-block-image size-full\"><img loading=\"lazy\" decoding=\"async\" width=\"740\" height=\"396\" src=\"https:\/\/wordpress.encon.com.ar\/wp-content\/uploads\/2024\/08\/Cba-Corrientes.jpg\" alt=\"\" class=\"wp-image-128\" srcset=\"https:\/\/www.encon.com.ar\/wp-content\/uploads\/2024\/08\/Cba-Corrientes.jpg 740w, https:\/\/www.encon.com.ar\/wp-content\/uploads\/2024\/08\/Cba-Corrientes-300x161.jpg 300w\" sizes=\"auto, (max-width: 740px) 100vw, 740px\" \/><figcaption class=\"wp-element-caption\">C\u00f3rdoba \u2013 Balnearia \u2013 Brinkmann \u2013 Morteros \u2013 Suardi \u2013 San Guillermo \u2013 Arrufo \u2013 Hersilia \u2013 Ceres \u2013 Tostado \u2013 Vera \u2013 Malabrigo \u2013 Reconquista \u2013 Avellaneda \u2013 Villa Ocampo \u2013 Las Toscas \u2013 Florencia \u2013 Basail \u2013 Resistencia \u2013 Corrientes<\/figcaption><\/figure>\n<\/div>\n<\/div>\n\n\n\n<div style=\"height:43px\" aria-hidden=\"true\" class=\"wp-block-spacer\"><\/div>\n","protected":false},"excerpt":{"rendered":"<p>C\u00f3rdoba &#8211; Buenos Aires C\u00f3rdoba &#8211; Corrientes C\u00f3rdoba &#8211; Montevideo C\u00f3rdoba &#8211; Corrientes<\/p>\n","protected":false},"author":3,"featured_media":0,"parent":0,"menu_order":0,"comment_status":"closed","ping_status":"closed","template":"","meta":{"footnotes":""},"class_list":["post-118","page","type-page","status-publish","hentry"],"_links":{"self":[{"href":"https:\/\/www.encon.com.ar\/index.php?rest_route=\/wp\/v2\/pages\/118","targetHints":{"allow":["GET"]}}],"collection":[{"href":"https:\/\/www.encon.com.ar\/index.php?rest_route=\/wp\/v2\/pages"}],"about":[{"href":"https:\/\/www.encon.com.ar\/index.php?rest_route=\/wp\/v2\/types\/page"}],"author":[{"embeddable":true,"href":"https:\/\/www.encon.com.ar\/index.php?rest_route=\/wp\/v2\/users\/3"}],"replies":[{"embeddable":true,"href":"https:\/\/www.encon.com.ar\/index.php?rest_route=%2Fwp%2Fv2%2Fcomments&post=118"}],"version-history":[{"count":13,"href":"https:\/\/www.encon.com.ar\/index.php?rest_route=\/wp\/v2\/pages\/118\/revisions"}],"predecessor-version":[{"id":677,"href":"https:\/\/www.encon.com.ar\/index.php?rest_route=\/wp\/v2\/pages\/118\/revisions\/677"}],"wp:attachment":[{"href":"https:\/\/www.encon.com.ar\/index.php?rest_route=%2Fwp%2Fv2%2Fmedia&parent=118"}],"curies":[{"name":"wp","href":"https:\/\/api.w.org\/{rel}","templated":true}]}}

<div style="height:31px" aria-hidden="true" class="wp-block-spacer"></div>



<div class="wp-block-columns is-layout-flex wp-container-core-columns-is-layout-9d6595d7 wp-block-columns-is-layout-flex">
<div class="wp-block-column is-layout-flow wp-block-column-is-layout-flow">
<h4 class="wp-block-heading has-text-align-center">Córdoba &#8211; Buenos Aires</h4>



<div style="height:10px" aria-hidden="true" class="wp-block-spacer"></div>



<figure class="wp-block-image size-full"><img loading="lazy" decoding="async" width="740" height="396" src="https://wordpress.encon.com.ar/wp-content/uploads/2024/08/Cba-BsAs.jpg" alt="" class="wp-image-125" srcset="https://www.encon.com.ar/wp-content/uploads/2024/08/Cba-BsAs.jpg 740w, https://www.encon.com.ar/wp-content/uploads/2024/08/Cba-BsAs-300x161.jpg 300w" sizes="auto, (max-width: 740px) 100vw, 740px" /><figcaption class="wp-element-caption">Córdoba – Villa María – Rosario – El Talar – Retiro</figcaption></figure>
</div>



<div class="wp-block-column is-layout-flow wp-block-column-is-layout-flow">
<h4 class="wp-block-heading has-text-align-center">Córdoba &#8211; Corrientes</h4>



<div style="height:10px" aria-hidden="true" class="wp-block-spacer"></div>



<figure class="wp-block-image size-full"><img loading="lazy" decoding="async" width="740" height="396" src="https://wordpress.encon.com.ar/wp-content/uploads/2024/08/Cba-Corrientes.jpg" alt="" class="wp-image-128" srcset="https://www.encon.com.ar/wp-content/uploads/2024/08/Cba-Corrientes.jpg 740w, https://www.encon.com.ar/wp-content/uploads/2024/08/Cba-Corrientes-300x161.jpg 300w" sizes="auto, (max-width: 740px) 100vw, 740px" /><figcaption class="wp-element-caption">Córdoba – Balnearia – Brinkmann – Morteros – Suardi – San Guillermo – Arrufo – Hersilia – Ceres – Tostado – Vera – Malabrigo – Reconquista – Avellaneda – Villa Ocampo – Las Toscas – Florencia – Basail – Resistencia – Corrientes</figcaption></figure>
</div>
</div>



<div class="wp-block-columns is-layout-flex wp-container-core-columns-is-layout-9d6595d7 wp-block-columns-is-layout-flex">
<div class="wp-block-column is-layout-flow wp-block-column-is-layout-flow">
<h4 class="wp-block-heading has-text-align-center">Córdoba &#8211; Montevideo</h4>



<div style="height:10px" aria-hidden="true" class="wp-block-spacer"></div>



<figure class="wp-block-image size-full wp-duotone-unset-1"><img loading="lazy" decoding="async" width="740" height="396" src="https://wordpress.encon.com.ar/wp-content/uploads/2024/08/Cba-Montevideo.jpg" alt="" class="wp-image-129" srcset="https://www.encon.com.ar/wp-content/uploads/2024/08/Cba-Montevideo.jpg 740w, https://www.encon.com.ar/wp-content/uploads/2024/08/Cba-Montevideo-300x161.jpg 300w" sizes="auto, (max-width: 740px) 100vw, 740px" /><figcaption class="wp-element-caption">Córdoba – San Francisco – Santa Fe – Paraná – Villaguay – Colón – Paysandú (Uruguay) – Trinidad – Montevideo – Punta del Este (este destino se presta solamente en temporada de verano).</figcaption></figure>
</div>



<div class="wp-block-column is-layout-flow wp-block-column-is-layout-flow">
<h4 class="wp-block-heading has-text-align-center">Córdoba &#8211; Corrientes</h4>



<div style="height:10px" aria-hidden="true" class="wp-block-spacer"></div>



<figure class="wp-block-image size-full"><img loading="lazy" decoding="async" width="740" height="396" src="https://wordpress.encon.com.ar/wp-content/uploads/2024/08/Cba-Corrientes.jpg" alt="" class="wp-image-128" srcset="https://www.encon.com.ar/wp-content/uploads/2024/08/Cba-Corrientes.jpg 740w, https://www.encon.com.ar/wp-content/uploads/2024/08/Cba-Corrientes-300x161.jpg 300w" sizes="auto, (max-width: 740px) 100vw, 740px" /><figcaption class="wp-element-caption">Córdoba – Balnearia – Brinkmann – Morteros – Suardi – San Guillermo – Arrufo – Hersilia – Ceres – Tostado – Vera – Malabrigo – Reconquista – Avellaneda – Villa Ocampo – Las Toscas – Florencia – Basail – Resistencia – Corrientes</figcaption></figure>
</div>
</div>



<div style="height:43px" aria-hidden="true" class="wp-block-spacer"></div>

<p>Córdoba &#8211; Buenos Aires Córdoba &#8211; Corrientes Córdoba &#8211; Montevideo Córdoba &#8211; Corrientes</p>
