{"id":185,"date":"2024-08-19T11:41:52","date_gmt":"2024-08-19T14:41:52","guid":{"rendered":"https:\/\/wordpress.encon.com.ar\/?page_id=185"},"modified":"2024-09-16T12:56:26","modified_gmt":"2024-09-16T15:56:26","slug":"encomiendas","status":"publish","type":"page","link":"https:\/\/www.encon.com.ar\/?page_id=185","title":{"rendered":"Encomiendas"},"content":{"rendered":"\n<figure class=\"wp-block-image size-large is-resized\"><a href=\"https:\/\/www.buspack.com.ar\/\" target=\"_blank\" rel=\"noreferrer noopener\"><img loading=\"lazy\" decoding=\"async\" width=\"1024\" height=\"313\" src=\"https:\/\/wordpress.encon.com.ar\/wp-content\/uploads\/2024\/09\/Logo-BUS-PACK-01-1024x313.png\" alt=\"\" class=\"wp-image-654\" style=\"width:538px;height:auto\" srcset=\"https:\/\/www.encon.com.ar\/wp-content\/uploads\/2024\/09\/Logo-BUS-PACK-01-1024x313.png 1024w, https:\/\/www.encon.com.ar\/wp-content\/uploads\/2024\/09\/Logo-BUS-PACK-01-300x92.png 300w, https:\/\/www.encon.com.ar\/wp-content\/uploads\/2024\/09\/Logo-BUS-PACK-01-768x234.png 768w, https:\/\/www.encon.com.ar\/wp-content\/uploads\/2024\/09\/Logo-BUS-PACK-01-1536x469.png 1536w, https:\/\/www.encon.com.ar\/wp-content\/uploads\/2024\/09\/Logo-BUS-PACK-01-2048x625.png 2048w\" sizes=\"auto, (max-width: 1024px) 100vw, 1024px\" \/><\/a><\/figure>\n\n\n\n<p><strong>Buspack y Encon<\/strong> trabajan juntos para brindar soluciones integrales de transporte y distribuci\u00f3n de todo tipo de paqueter\u00eda, tanto liviana como carga pesada.<\/p>\n\n\n\n<p>Buspack cuenta con m\u00e1s de 1000 sucursales, llegando diariamente a m\u00e1s de 1200 destinos en todo el pa\u00eds. Tambi\u00e9n posee una flota de 30 camiones de gran escala, 35 camionetas y 10 utilitarios.<\/p>\n\n\n\n<p>Ver m\u00e1s informaci\u00f3n en el sitio web <a href=\"https:\/\/www.buspack.com.ar\/\" target=\"_blank\" rel=\"noreferrer noopener\">https:\/\/www.buspack.com.ar\/<\/a><\/p>\n\n\n\n<h2 class=\"wp-block-heading\"><strong>Atenci\u00f3n al cliente<\/strong><\/h2>\n\n\n\n<h4 class=\"wp-block-heading\">Tel: <a href=\"tel:1139908282\" target=\"_blank\" rel=\"noreferrer noopener\">11 3990 8282<\/a><\/h4>\n\n\n\n<h4 class=\"wp-block-heading\"><a href=\"atencionalcliente@buspack.com.ar\" target=\"_blank\" rel=\"noreferrer noopener\">atencionalcliente@buspack.com.ar<\/a><\/h4>\n\n\n\n<p><\/p>\n","protected":false},"excerpt":{"rendered":"<p>Buspack y Encon trabajan juntos para brindar soluciones integrales de transporte y distribuci\u00f3n de todo tipo de paqueter\u00eda, tanto liviana como carga pesada. Buspack cuenta con m\u00e1s de 1000 sucursales, llegando diariamente a m\u00e1s de 1200 destinos en todo el pa\u00eds. Tambi\u00e9n posee una flota de 30 camiones de gran escala, 35 camionetas y 10 utilitarios. Ver m\u00e1s informaci\u00f3n en [&hellip;]<\/p>\n","protected":false},"author":3,"featured_media":0,"parent":181,"menu_order":2,"comment_status":"closed","ping_status":"closed","template":"","meta":{"footnotes":""},"class_list":["post-185","page","type-page","status-publish","hentry"],"_links":{"self":[{"href":"https:\/\/www.encon.com.ar\/index.php?rest_route=\/wp\/v2\/pages\/185","targetHints":{"allow":["GET"]}}],"collection":[{"href":"https:\/\/www.encon.com.ar\/index.php?rest_route=\/wp\/v2\/pages"}],"about":[{"href":"https:\/\/www.encon.com.ar\/index.php?rest_route=\/wp\/v2\/types\/page"}],"author":[{"embeddable":true,"href":"https:\/\/www.encon.com.ar\/index.php?rest_route=\/wp\/v2\/users\/3"}],"replies":[{"embeddable":true,"href":"https:\/\/www.encon.com.ar\/index.php?rest_route=%2Fwp%2Fv2%2Fcomments&post=185"}],"version-history":[{"count":15,"href":"https:\/\/www.encon.com.ar\/index.php?rest_route=\/wp\/v2\/pages\/185\/revisions"}],"predecessor-version":[{"id":670,"href":"https:\/\/www.encon.com.ar\/index.php?rest_route=\/wp\/v2\/pages\/185\/revisions\/670"}],"up":[{"embeddable":true,"href":"https:\/\/www.encon.com.ar\/index.php?rest_route=\/wp\/v2\/pages\/181"}],"wp:attachment":[{"href":"https:\/\/www.encon.com.ar\/index.php?rest_route=%2Fwp%2Fv2%2Fmedia&parent=185"}],"curies":[{"name":"wp","href":"https:\/\/api.w.org\/{rel}","templated":true}]}}