{"id":2,"date":"2024-08-13T09:43:39","date_gmt":"2024-08-13T12:43:39","guid":{"rendered":"http:\/\/wordpress.encon.com.ar\/?page_id=2"},"modified":"2024-08-24T10:55:34","modified_gmt":"2024-08-24T13:55:34","slug":"pagina-ejemplo","status":"publish","type":"page","link":"https:\/\/www.encon.com.ar\/?page_id=2","title":{"rendered":"Boleter\u00edas"},"content":{"rendered":"\n<div class=\"wp-block-columns is-layout-flex wp-container-core-columns-is-layout-9d6595d7 wp-block-columns-is-layout-flex\">\n<div class=\"wp-block-column is-layout-flow wp-block-column-is-layout-flow\">\n<h3 class=\"wp-block-heading has-text-align-left\">C\u00f3rdoba<\/h3>\n\n\n\n<div class=\"wp-block-group\"><div class=\"wp-block-group__inner-container is-layout-constrained wp-block-group-is-layout-constrained\">\n<p><strong>C\u00f3rdoba<\/strong>: 0351 4271473 \/ 0351 4236386 \/ 0351 4236717<br><strong>San Francisco<\/strong>: 03564 423967<br><strong>Villa Mar\u00eda<\/strong>: 0353 4610801<br><strong>Carlos Paz<\/strong>: 3541 434300<br><strong>Balnearia<\/strong>: 3757 438561<\/p>\n<\/div><\/div>\n\n\n\n<hr class=\"wp-block-separator has-text-color has-alpha-channel-opacity has-background is-style-wide\" style=\"background-color:#ca1b20;color:#ca1b20\"\/>\n<\/div>\n\n\n\n<div class=\"wp-block-column is-vertically-aligned-top is-layout-flow wp-block-column-is-layout-flow\">\n<h3 class=\"wp-block-heading has-text-align-left\">Santa Fe<\/h3>\n\n\n\n<div class=\"wp-block-group\"><div class=\"wp-block-group__inner-container is-layout-constrained wp-block-group-is-layout-constrained\">\n<p><strong>Santa Fe:<\/strong> 0342 4565777<br><strong>Ceres: <\/strong>03491 420988<br><strong>Tostado:<\/strong> 03491 470636<br><strong>Arruf\u00f3:<\/strong> 03491 15415267<br><strong>Vera:<\/strong> 03483 420907<br><strong>Avellaneda:<\/strong> 03482 480386<br><strong>Santo Tom\u00e9:<\/strong> 0342 4752403<\/p>\n\n\n\n<hr class=\"wp-block-separator has-text-color has-alpha-channel-opacity has-background is-style-wide\" style=\"background-color:#ca1b20;color:#ca1b20\"\/>\n<\/div><\/div>\n<\/div>\n<\/div>\n\n\n\n<div class=\"wp-block-columns is-layout-flex wp-container-core-columns-is-layout-9d6595d7 wp-block-columns-is-layout-flex\">\n<div class=\"wp-block-column is-layout-flow wp-block-column-is-layout-flow\">\n<h3 class=\"wp-block-heading\">Entre R\u00edos<\/h3>\n\n\n\n<p><strong>Paran\u00e1:<\/strong> 0343 4315439 \/ 4225577<br><strong>Villaguay:<\/strong> 03455 421225<br><strong>San Jos\u00e9:<\/strong> 03447 470498<br><strong>Col\u00f3n:<\/strong> 03447 422333<br><strong>Conc. del Uruguay:<\/strong> 03442 434022 \/ 15453570<br><strong>Villa Elisa:<\/strong> 03447 480927<\/p>\n\n\n\n<hr class=\"wp-block-separator has-text-color has-alpha-channel-opacity has-background is-style-wide\" style=\"background-color:#ca1b20;color:#ca1b20\"\/>\n<\/div>\n\n\n\n<div class=\"wp-block-column is-layout-flow wp-block-column-is-layout-flow\">\n<h3 class=\"wp-block-heading\">Chaco<\/h3>\n\n\n\n<p><strong>Resistencia:<\/strong> 0362 4460685 \/ 4466638<\/p>\n\n\n\n<hr class=\"wp-block-separator has-text-color has-alpha-channel-opacity has-background is-style-wide\" style=\"background-color:#ca1b20;color:#ca1b20\"\/>\n\n\n\n<h3 class=\"wp-block-heading\">Corrientes<\/h3>\n\n\n\n<p><strong>Corrientes:<\/strong> 0379 4442180<\/p>\n\n\n\n<hr class=\"wp-block-separator has-text-color has-alpha-channel-opacity has-background is-style-wide\" style=\"background-color:#ca1b20;color:#ca1b20\"\/>\n<\/div>\n<\/div>\n\n\n\n<div class=\"wp-block-columns is-layout-flex wp-container-core-columns-is-layout-9d6595d7 wp-block-columns-is-layout-flex\">\n<div class=\"wp-block-column is-layout-flow wp-block-column-is-layout-flow\">\n<h3 class=\"wp-block-heading\">Buenos Aires <\/h3>\n\n\n\n<p><strong>Buenos Aires:<\/strong> 011 43128215<br><strong>El Talar:<\/strong> 011 47404205<\/p>\n\n\n\n<hr class=\"wp-block-separator aligncenter has-text-color has-alpha-channel-opacity has-background is-style-wide\" style=\"background-color:#ca1b20;color:#ca1b20\"\/>\n<\/div>\n\n\n\n<div class=\"wp-block-column is-layout-flow wp-block-column-is-layout-flow\">\n<h3 class=\"wp-block-heading\">Uruguay<\/h3>\n\n\n\n<p><strong>Paysand\u00fa:<\/strong> 00598 47239737<br><strong>Montevideo:<\/strong> 00598 24014764 \/ 24019196<br><strong>Punta del Este:<\/strong> 03447 470498<\/p>\n\n\n\n<hr class=\"wp-block-separator has-text-color has-alpha-channel-opacity has-background is-style-wide\" style=\"background-color:#ca1b20;color:#ca1b20\"\/>\n<\/div>\n<\/div>\n\n\n\n<p><\/p>\n","protected":false},"excerpt":{"rendered":"<p>C\u00f3rdoba C\u00f3rdoba: 0351 4271473 \/ 0351 4236386 \/ 0351 4236717San Francisco: 03564 423967Villa Mar\u00eda: 0353 4610801Carlos Paz: 3541 434300Balnearia: 3757 438561 Santa Fe Santa Fe: 0342 4565777Ceres: 03491 420988Tostado: 03491 470636Arruf\u00f3: 03491 15415267Vera: 03483 420907Avellaneda: 03482 480386Santo Tom\u00e9: 0342 4752403 Entre R\u00edos Paran\u00e1: 0343 4315439 \/ 4225577Villaguay: 03455 421225San Jos\u00e9: 03447 470498Col\u00f3n: 03447 422333Conc. del Uruguay: 03442 434022 \/ 15453570Villa [&hellip;]<\/p>\n","protected":false},"author":1,"featured_media":0,"parent":0,"menu_order":0,"comment_status":"closed","ping_status":"open","template":"","meta":{"footnotes":""},"class_list":["post-2","page","type-page","status-publish","hentry"],"_links":{"self":[{"href":"https:\/\/www.encon.com.ar\/index.php?rest_route=\/wp\/v2\/pages\/2","targetHints":{"allow":["GET"]}}],"collection":[{"href":"https:\/\/www.encon.com.ar\/index.php?rest_route=\/wp\/v2\/pages"}],"about":[{"href":"https:\/\/www.encon.com.ar\/index.php?rest_route=\/wp\/v2\/types\/page"}],"author":[{"embeddable":true,"href":"https:\/\/www.encon.com.ar\/index.php?rest_route=\/wp\/v2\/users\/1"}],"replies":[{"embeddable":true,"href":"https:\/\/www.encon.com.ar\/index.php?rest_route=%2Fwp%2Fv2%2Fcomments&post=2"}],"version-history":[{"count":13,"href":"https:\/\/www.encon.com.ar\/index.php?rest_route=\/wp\/v2\/pages\/2\/revisions"}],"predecessor-version":[{"id":365,"href":"https:\/\/www.encon.com.ar\/index.php?rest_route=\/wp\/v2\/pages\/2\/revisions\/365"}],"wp:attachment":[{"href":"https:\/\/www.encon.com.ar\/index.php?rest_route=%2Fwp%2Fv2%2Fmedia&parent=2"}],"curies":[{"name":"wp","href":"https:\/\/api.w.org\/{rel}","templated":true}]}}

Boleterías

<div class="wp-block-columns is-layout-flex wp-container-core-columns-is-layout-9d6595d7 wp-block-columns-is-layout-flex">
<div class="wp-block-column is-layout-flow wp-block-column-is-layout-flow">
<h3 class="wp-block-heading has-text-align-left">Córdoba</h3>



<div class="wp-block-group"><div class="wp-block-group__inner-container is-layout-constrained wp-block-group-is-layout-constrained">
<p><strong>Córdoba</strong>: 0351 4271473 / 0351 4236386 / 0351 4236717<br><strong>San Francisco</strong>: 03564 423967<br><strong>Villa María</strong>: 0353 4610801<br><strong>Carlos Paz</strong>: 3541 434300<br><strong>Balnearia</strong>: 3757 438561</p>
</div></div>



<hr class="wp-block-separator has-text-color has-alpha-channel-opacity has-background is-style-wide" style="background-color:#ca1b20;color:#ca1b20"/>
</div>



<div class="wp-block-column is-vertically-aligned-top is-layout-flow wp-block-column-is-layout-flow">
<h3 class="wp-block-heading has-text-align-left">Santa Fe</h3>



<div class="wp-block-group"><div class="wp-block-group__inner-container is-layout-constrained wp-block-group-is-layout-constrained">
<p><strong>Santa Fe:</strong> 0342 4565777<br><strong>Ceres: </strong>03491 420988<br><strong>Tostado:</strong> 03491 470636<br><strong>Arrufó:</strong> 03491 15415267<br><strong>Vera:</strong> 03483 420907<br><strong>Avellaneda:</strong> 03482 480386<br><strong>Santo Tomé:</strong> 0342 4752403</p>



<hr class="wp-block-separator has-text-color has-alpha-channel-opacity has-background is-style-wide" style="background-color:#ca1b20;color:#ca1b20"/>
</div></div>
</div>
</div>



<div class="wp-block-columns is-layout-flex wp-container-core-columns-is-layout-9d6595d7 wp-block-columns-is-layout-flex">
<div class="wp-block-column is-layout-flow wp-block-column-is-layout-flow">
<h3 class="wp-block-heading">Entre Ríos</h3>



<p><strong>Paraná:</strong> 0343 4315439 / 4225577<br><strong>Villaguay:</strong> 03455 421225<br><strong>San José:</strong> 03447 470498<br><strong>Colón:</strong> 03447 422333<br><strong>Conc. del Uruguay:</strong> 03442 434022 / 15453570<br><strong>Villa Elisa:</strong> 03447 480927</p>



<hr class="wp-block-separator has-text-color has-alpha-channel-opacity has-background is-style-wide" style="background-color:#ca1b20;color:#ca1b20"/>
</div>



<div class="wp-block-column is-layout-flow wp-block-column-is-layout-flow">
<h3 class="wp-block-heading">Chaco</h3>



<p><strong>Resistencia:</strong> 0362 4460685 / 4466638</p>



<hr class="wp-block-separator has-text-color has-alpha-channel-opacity has-background is-style-wide" style="background-color:#ca1b20;color:#ca1b20"/>



<h3 class="wp-block-heading">Corrientes</h3>



<p><strong>Corrientes:</strong> 0379 4442180</p>



<hr class="wp-block-separator has-text-color has-alpha-channel-opacity has-background is-style-wide" style="background-color:#ca1b20;color:#ca1b20"/>
</div>
</div>



<div class="wp-block-columns is-layout-flex wp-container-core-columns-is-layout-9d6595d7 wp-block-columns-is-layout-flex">
<div class="wp-block-column is-layout-flow wp-block-column-is-layout-flow">
<h3 class="wp-block-heading">Buenos Aires </h3>



<p><strong>Buenos Aires:</strong> 011 43128215<br><strong>El Talar:</strong> 011 47404205</p>



<hr class="wp-block-separator aligncenter has-text-color has-alpha-channel-opacity has-background is-style-wide" style="background-color:#ca1b20;color:#ca1b20"/>
</div>



<div class="wp-block-column is-layout-flow wp-block-column-is-layout-flow">
<h3 class="wp-block-heading">Uruguay</h3>



<p><strong>Paysandú:</strong> 00598 47239737<br><strong>Montevideo:</strong> 00598 24014764 / 24019196<br><strong>Punta del Este:</strong> 03447 470498</p>



<hr class="wp-block-separator has-text-color has-alpha-channel-opacity has-background is-style-wide" style="background-color:#ca1b20;color:#ca1b20"/>
</div>
</div>



<p></p>

<p>Córdoba Córdoba: 0351 4271473 / 0351 4236386 / 0351 4236717San Francisco: 03564 423967Villa María: 0353 4610801Carlos Paz: 3541 434300Balnearia: 3757 438561 Santa Fe Santa Fe: 0342 4565777Ceres: 03491 420988Tostado: 03491 470636Arrufó: 03491 15415267Vera: 03483 420907Avellaneda: 03482 480386Santo Tomé: 0342 4752403 Entre Ríos Paraná: 0343 4315439 / 4225577Villaguay: 03455 421225San José: 03447 470498Colón: 03447 422333Conc. del Uruguay: 03442 434022 / 15453570Villa [&hellip;]</p>
